 4*k - 1. Let u be h(-4). Let j(w) = -6*w**3 + w**2. What is the remainder when j(u) is divided by 4?
3
Let g be 3*(-2)/(-12)*2. Let a(x) = 29*x**3 - 2*x**2 + x. Calculate the remainder when a(g) is divided by (4/5)/(4/50).
8
Let a be ((-68)/12)/(2/(-6)). Suppose -o + a = 10. Calculate the remainder when 19 is divided by o.
5
Let j be (-24)/(-9)*(-3)/(-2). Let i = j - 0. Calculate the remainder when 11 is divided by i.
3
Suppose 6 = -4*h + h, -5 = -3*n + h. Let m(s) = 9*s**2 - 2*s + 1. Calculate the remainder when m(n) is divided by 3.
2
Suppose -37 - 43 = -4*u. Suppose 2*i = u + 4. What is the remainder when 23 is divided by i?
11
Let f be 2 - 2 - (1 - 76). Let j = f + -46. Calculate the remainder when j is divided by 10.
9
Suppose -d = -3*a - 22, 3*d - 49 = 3*a - 13. What is the remainder when 22 is divided by d?
1
What is the remainder when 2/5*(-1 + 41) is divided by 9?
7
Let r = -24 + 34. What is the remainder when 59 is divided by r?
9
Let d = 60 + -52. What is the remainder when 21 is divided by d?
5
Let y(q) = -3*q - 3. Suppose -4*z = -d - 15, 7 = 3*z + 2*d - 7. Calculate the remainder when y(-3) is divided by z.
2
Let h = -7 - -18. What is the remainder when (2/3)/(6/189) is divided by h?
10
Suppose -247 + 79 = -4*o. Let w be (-198)/o + (-2)/7. Let h(m) = -m**3 - 3*m**2 + 6*m + 7. Calculate the remainder when h(w) is divided by 14.
13
Let v(w) = -5*w + 9. Let g(p) = -10*p + 19. Let b(y) = -3*g(y) + 7*v(y). Calculate the remainder when b(-7) is divided by 21.
20
Let d(t) = -t**2 - 6*t - 1. Let w be d(-6). Suppose 4*a + 6 = 6*a. Calculate the remainder when a is divided by 8/12*(2 - w).
1
Let q be (-208)/(-6) - (-3)/9. Let t = q + -21. What is the remainder when 53 is divided by t?
11
Suppose -3*a + 118 = 4*z + 9, 3*z - 3*a = 108. Let l = z - 22. Calculate the remainder when 33 is divided by l.
6
Let n(l) = -6*l**3 + l**2 + l. Let k be n(-1). Let a = 20 - 24. Let r = a + k. What is the remainder when r is divided by 2?
0
Let m = -2 - -3. Let b = m + 0. What is the remainder when 38 is divided by 52/(-4)*b/(-1)?
12
Suppose p - 2*p = o - 21, 4*o = 4*p - 68. What is the remainder when 51 is divided by p?
13
Let z be -334*(2 - (-9)/(-6)). Calculate the remainder when z/(-11) - (-4)/(-22) is divided by 6*(1 + 3/9).
7
Suppose 4*c + m = 3*m + 12, 2*c = -4*m + 6. Suppose 57 = 5*o - 0*v + 2*v, c*v + 25 = o. Calculate the remainder when o is divided by 4.
1
Suppose -w - 3 = -5. Suppose -5*t + 13 = 2*a, -w + 5 = 2*a - 5*t. What is the remainder when 14 is divided by a?
2
Let r = -20 + 98. What is the remainder when r is divided by 16?
14
Let k(l) = l**2 - 4*l - 4. Suppose -3*j + 15 = r, 21 = 5*r - 5*j + 6. What is the remainder when 22 is divided by k(r)?
6
Calculate the remainder when 67 is divided by (-2)/(-1 - 30/(-35)).
11
Let k(r) = r**2 - 5*r - 4. Let d be k(6). Let v = -37 - -56. Calculate the remainder when v is divided by ((16 - d)/(-2))/(-1).
5
Let y = 6 - 3. Let s(t) = -t**2 + 5*t - 4. Calculate the remainder when s(y) is divided by 2.
0
Suppose 2*x = 5*u - u - 92, -u - 3*x + 16 = 0. Calculate the remainder when 63 is divided by u.
19
Let o = 9 + -9. Suppose o = 4*j - 5*j + 1. Calculate the remainder when 1 is divided by j.
0
Let j be -5 + (1 - -1) + 20. Suppose -3*z + j = -4. Let a = -5 - -17. Calculate the remainder when a is divided by z.
5
Suppose 1 - 5 = -2*n. Let g = 6 - n. Suppose 22 = g*r - 2*k, r + 2*k - k - 10 = 0. Calculate the remainder when 13 is divided by r.
6
Let m(w) = -w**3 + 6*w**2 + 7*w + 2. Let l be m(7). Let a(v) = 7*v**3 - v**2 - v. Calculate the remainder when a(l) is divided by 17.
16
Suppose -4*s + 3*w + 2 = -2*s, -5*w - 3 = -3*s. Suppose -a + 4 - s = 0. What is the remainder when (-24)/(-3)*2/4 is divided by a?
1
Let l(y) = -y**3 + 7*y**2 + 7*y + 11. Let f be 12*3/9*2. Let p be l(f). What is the remainder when 12 is divided by p - 0 - (2 - 4)?
2
Let r(y) = -3*y - 1. Let f be r(-5). What is the remainder when f - 11 - (-76)/1 is divided by 20?
19
Suppose -7 = -v + 2. Calculate the remainder when v is divided by (-1)/(12/(-10) - -1).
4
Let j(r) = r**2 - 5*r. Let z be j(6). Calculate the remainder when 1 is divided by 9/z*(-2)/(-3).
0
Let x = 17 + -17. Let f(p) be the third derivative of -p**4/24 + 8*p**3/3 - p**2. What is the remainder when 47 is divided by f(x)?
15
Let r(d) = -6*d. Let t = 2 + -6. Calculate the remainder when r(t) is divided by 13.
11
Suppose 3*v = -2*h - 20, -46 = 5*h + 4*v + 4. Let m = 15 - h. What is the remainder when m is divided by 14?
11
Let f(t) = 5*t + 7. Let l = 17 + -9. What is the remainder when f(l) is divided by 16?
15
Suppose 3*u - 43 = p, 2 = 3*u + p - 33. Suppose 3*z - 14 = 1. Calculate the remainder when u is divided by z.
3
Suppose -2*l + 26 = 2*r, -3*r - 38 = -4*l - 0. Let z(h) = h**3 + 2*h**2 - 4*h - 1. What is the remainder when z(3) is divided by l?
10
Suppose -324 = -4*g - 96. Calculate the remainder when g is divided by 12.
9
Suppose 8*p = 6*p + 202. Let v = 175 - p. Suppose -5 = 3*r - v. Calculate the remainder when r is divided by 6.
5
Let x = -189 + 316. What is the remainder when x is divided by 26?
23
Suppose -4*a = -4*k + 3*k + 18, -4*a = 2*k. Let l(z) = 2*z - 8. Let p be l(k). Let h(r) = r**2 + 3*r. Calculate the remainder when h(p) is divided by 15.
13
Let p = -37 + 65. Suppose 3*k + 0*k + 90 = 0. Let u = -20 - k. What is the remainder when p is divided by u?
8
Suppose -21 = -3*r - 6. Suppose -r*f = -n - 141, -5*n + 3*n - 2 = 0. Calculate the remainder when f is divided by ((-15)/9)/(1/(-6)).
8
Suppose 0 = 6*u + u - 455. What is the remainder when u is divided by 18?
11
Let m(q) = q + 22. What is the remainder when (1/(-2))/(5/(-430)) is divided by m(0)?
21
Suppose 34 = -3*z + 5*z. Let f be ((-10)/(-4))/((-1)/(-8)). Suppose -2*i = 3*u - 6, -3*i + 2*u = u - f. Calculate the remainder when z is divided by i.
5
Suppose -s - 4*k - k + 18 = 0, -2*k + 15 = 3*s. Let r = 23 + -16. Suppose 3*x = 37 - r. What is the remainder when x is divided by s?
1
Suppose -4*b + 13 = -3. Calculate the remainder when 4 is divided by b.
0
Let m be ((-8)/(-5) + -2)*-30. Suppose 0 = o - 0*o - 5*a - 24, 0 = -4*a - m. What is the remainder when -13*(-2)/3*3 is divided by o?
8
Let v be (-13)/2 + (-3)/(-6). Suppose 0*u = -2*u + 28. Calculate the remainder when u is divided by (-1 + 7)*(-8)/v.
6
Suppose 5*o + 69 = 2*b, -b + 2*o - 6*o + 2 = 0. What is the remainder when 87 is divided by b?
21
Suppose 3*o - 8*o = 10. Let i be (-2 - -1) + 8/o. Calculate the remainder when 28 is divided by 0/1 + (i - -20).
13
Let h(k) = -13*k + 6. Let z be h(-7). Suppose 0 = -5*l - 2*x + 132, 31 + z = 5*l - 2*x. What is the remainder when l is divided by 7?
5
Suppose 3*y - 5*h + 49 = 0, -2*h = 2*y - 0*y + 22. Let v(q) = -2*q + 1. Calculate the remainder when 106 is divided by v(y).
25
Suppose m + 39 = 4*m. Suppose 2*b + 16 = -3*t + 52, -3*b + 2*t + 80 = 0. What is the remainder when b is divided by m?
11
Calculate the remainder when 294/8 - (-5)/20 is divided by 19.
18
Let o be (-12)/8 - 7/(-2). Calculate the remainder when 47 is divided by (2 - o) + 2*6.
11
Suppose q - 34 = -1. Let k = -13 + 7. What is the remainder when q is divided by ((-17)/(-3))/((-2)/k)?
16
Suppose -3*w = -0*w - 4*q - 56, q - 7 = -w. Let f = w + -8. Calculate the remainder when f is divided by (-15)/(-9) + (-2)/(-6).
0
Suppose 0*h = 5*h. Suppose -5*w + 2*l + 108 = h, -4*w - 29 = -4*l - 125. Calculate the remainder when 77 is divided by w.
17
Let l(c) = c. Calculate the remainder when l(6) is divided by 2.
0
Suppose x - 35 = -5*s - x, -5*s = -x - 20. Suppose p + 31 = 5*r, -3*r - s*p + 64 - 23 = 0. What is the remainder when 27 is divided by r?
6
Let n = 16 - 5. Calculate the remainder when 41 is divided by n.
8
Suppose -v - o + 19 = 2*o, -o = 5*v - 81. What is the remainder when 31 is divided by v?
15
Suppose -5*z = 13 - 113. Suppose 6*s + z = 2*s. Let p = 8 + s. What is the remainder when 5 is divided by p?
2
Calculate the remainder when 23 is divided by (-24)/((-1 - 0)*2).
11
What is the remainder when 111 is divided by (-57)/(6*4/(-16))?
35
Let j(g) = 5*g**2 + 3*g + 4. Let r(w) = -6 - 1 - 5*w - 1 - 1. What is the remainder when j(-3) is divided by r(-6)?
19
Let o = 2 - -5. What is the remainder when 27 is divided by o?
6
Let v(d) = d*